s 15 divide 1011?
False
Is 19 a factor of 18888?
False
Is 20 a factor of 920?
True
Does 9 divide 741?
False
Is 83 a factor of 479?
False
Does 101 divide 5346?
False
Does 3 divide 369?
True
Is 18 a factor of 10368?
True
Is 25 a factor of 13051?
False
Is 2512 a multiple of 16?
True
Is 23 a factor of 1282?
False
Does 10 divide 1570?
True
Is 14 a factor of 2324?
True
Is 2895 a multiple of 15?
True
Is 12 a factor of 3623?
False
Is 118 a factor of 5074?
True
Is 50 a factor of 37513?
False
Does 31 divide 434?
True
Is 1800 a multiple of 8?
True
Does 19 divide 412?
False
Does 8 divide 3944?
True
Is 129 a multiple of 2?
False
Is 20 a factor of 564?
False
Is 153 a factor of 2142?
True
Is 6897 a multiple of 11?
True
Does 24 divide 20400?
True
Is 16 a factor of 911?
False
Is 53 a factor of 7830?
False
Is 20251 a multiple of 108?
False
Is 18 a factor of 270?
True
Is 14 a factor of 332?
False
Does 24 divide 1551?
False
Does 20 divide 80?
True
Is 89 a factor of 22161?
True
Is 137 a factor of 20406?
False
Does 14 divide 630?
True
Does 65 divide 3445?
True
Is 88 a factor of 628?
False
Is 17 a factor of 671?
False
Does 113 divide 4294?
True
Is 12192 a multiple of 127?
True
Is 12 a factor of 1544?
False
Is 75 a multiple of 5?
True
Is 1494 a multiple of 9?
True
Does 6 divide 15?
False
Is 48 a factor of 5184?
True
Is 1646 a multiple of 5?
False
Does 12 divide 2754?
False
Does 8 divide 1632?
True
Is 2475 a multiple of 33?
True
Is 9296 a multiple of 56?
True
Is 15 a factor of 195?
True
Does 31 divide 558?
True
Is 47 a factor of 15313?
False
Does 126 divide 1260?
True
Does 41 divide 5053?
False
Does 40 divide 1732?
False
Does 19 divide 3135?
True
Does 41 divide 165?
False
Does 3 divide 7005?
True
Is 18387 a multiple of 73?
False
Does 8 divide 12051?
False
Does 21 divide 708?
False
Is 156 a factor of 94224?
True
Is 19 a factor of 380?
True
Does 17 divide 1061?
False
Is 42 a factor of 33054?
True
Is 27 a factor of 1134?
True
Is 23 a factor of 21107?
False
Is 19642 a multiple of 122?
True
Is 8 a factor of 458?
False
Is 96 a factor of 5184?
True
Does 8 divide 96?
True
Does 23 divide 1265?
True
Is 1048 a multiple of 108?
False
Is 1107 a multiple of 52?
False
Is 92 a factor of 736?
True
Is 569 a multiple of 11?
False
Does 61 divide 8662?
True
Does 16 divide 896?
True
Is 16 a factor of 70?
False
Is 3 a factor of 924?
True
Is 7180 a multiple of 113?
False
Is 1050 a multiple of 14?
True
Does 8 divide 2604?
False
Does 12 divide 10938?
False
Is 61 a factor of 458?
False
Is 157 even?
False
Is 590 a multiple of 6?
False
Does 44 divide 4794?
False
Does 99 divide 28240?
False
Is 89 a factor of 3827?
True
Does 6 divide 1336?
False
Is 14165 a multiple of 46?
False
Is 10605 a multiple of 16?
False
Does 37 divide 1411?
False
Does 84 divide 14952?
True
Is 3 a factor of 545?
False
Is 8912 a multiple of 16?
True
Does 35 divide 2181?
False
Is 10 a factor of 782?
False
Does 45 divide 945?
True
Does 10 divide 6770?
True
Is 28 a factor of 4044?
False
Is 67 a factor of 5293?
True
Is 6 a factor of 436?
False
Does 7 divide 154?
True
Is 23664 a multiple of 32?
False
Does 9 divide 166?
False
Does 38 divide 65056?
True
Is 45 a multiple of 9?
True
Is 6 a factor of 2060?
False
Is 27846 a multiple of 273?
True
Is 14 a factor of 8708?
True
Is 1399 a multiple of 18?
False
Is 13 a factor of 52?
True
Is 4 a factor of 1466?
False
Does 21 divide 1281?
True
Does 63 divide 55274?
False
Is 1715 a multiple of 135?
False
Does 37 divide 8251?
True
Does 30 divide 27296?
False
Is 58 a factor of 24770?
False
Does 49 divide 13163?
False
Does 267 divide 42278?
False
Does 18 divide 114?
False
Is 17 a factor of 4820?
False
Is 6 a factor of 16458?
True
Is 7569 a multiple of 230?
False
Does 5 divide 13329?
False
Is 2245 a multiple of 7?
False
Is 3 a factor of 93?
True
Is 35 a factor of 84560?
True
Is 1069 a multiple of 4?
False
Is 616 a multiple of 14?
True
Is 17510 a multiple of 10?
True
Is 17420 a multiple of 52?
True
Is 13 a factor of 4303?
True
Does 20 divide 72114?
False
Is 17 a factor of 980?
False
Is 167 a factor of 2839?
True
Is 10 a factor of 857?
False
Does 9 divide 760?
False
Is 42 a factor of 672?
True
Is 8100 a multiple of 12?
True
Does 25 divide 48642?
False
Is 42 a multiple of 6?
True
Is 29 a factor of 1666?
False
Is 6578 a multiple of 46?
True
Does 110 divide 4180?
True
Does 20 divide 638?
False
Is 69 a factor of 9604?
False
Is 530 a multiple of 10?
True
Does 21 divide 5779?
False
Is 37 a factor of 14467?
True
Is 52 a factor of 1419?
False
Does 7 divide 413?
True
Does 22 divide 11537?
False
Is 2964 a multiple of 57?
True
Is 42 a factor of 905?
False
Is 6 a factor of 348?
True
Does 181 divide 60273?
True
Is 6 a factor of 5112?
True
Does 10 divide 12380?
True
Does 66 divide 3036?
True
Is 751 a multiple of 58?
False
Is 784 a multiple of 49?
True
Is 7 a factor of 46039?
True
Does 21 divide 14553?
True
Does 218 divide 15145?
False
Is 825 a multiple of 55?
True
Is 45 a factor of 4051?
False
Does 7 divide 204?
False
Is 71 a factor of 20524?
False
Is 2131 a multiple of 35?
False
Is 4 a factor of 7?
False
Does 61 divide 3111?
True
Is 134 a factor of 4561?
False
Does 56 divide 2786?
False
Is 14 a factor of 574?
True
Is 20860 a multiple of 18?
False
Is 22 a factor of 5080?
False
Is 3060 a multiple of 2?
True
Is 19692 a multiple of 18?
True
Does 26 divide 50134?
False
Is 17676 a multiple of 151?
False
Is 9 a factor of 297?
True
Is 43 a factor of 45365?
True
Is 13104 a multiple of 52?
True
Is 87 a multiple of 9?
False
Is 6560 a multiple of 16?
True
Does 106 divide 1403?
False
Is 4339 a multiple of 28?
False
Is 982 a multiple of 3?
False
Does 48 divide 4765?
False
Is 2 a factor of 73?
False
Is 862 a multiple of 3?
False
Is 12555 a multiple of 4?
False
Does 253 divide 77418?
True
Is 179 a factor of 8802?
False
Is 663 a multiple of 17?
True
Is 4 a factor of 3950?
False
Is 128580 a multiple of 20?
True
Does 31 divide 1667?
False
Does 17 divide 1802?
True
Is 13323 a multiple of 107?
False
Is 276 even?
True
Is 57 a factor of 285?
True
Is 47124 a multiple of 84?
True
Does 39 divide 3898?
False
Does 43 divide 2190?
False
Does 18 divide 177?
False
Is 4 a factor of 371?
False
Is 24 a factor of 912?
True
Does 151 divide 860?
False
Is 36 a factor of 4680?
True
Is 923 a multiple of 13?
True
Is 10654 a multiple of 4?
False
Is 63 a factor of 2359?
False
Is 16 a factor of 16380?
False
Is 12 a factor of 303?
False
Does 14 divide 280?
True
Is 20 a factor of 2439?
False
Is 770 a multiple of 22?
True
Does 32 divide 2436?
False
Does 9 divide 8199?
True
Is 46 a factor of 5056?
False
Is 2565 a multiple of 27?
True
Is 166 a multiple of 2?
True
Does 3 divide 910?
False
Is 2312 a multiple of 34?
True
Does 27 divide 420?
False
Does 3 divide 293?
False
Is 71 a factor of 4047?
True
Is 19513 a multiple of 121?
False
Is 1178 even?
True
Is 3 a factor of 3331?
False
Does 22 divide 242?
True
Is 11 a factor of 22610?
False
Is 99 a factor of 57816?
True
Is 238 a multiple of 54?
False
Is 25 a factor of 1075?
True
Is 13 a factor of 1264?
False
Is 11 a factor of 902?
True
Is 34 a factor of 816?
True
Does 60 divide 26040?
True
Is 10 a factor of 220?
True
Is 82 a factor of 40203?
False
Does 105 divide 2730?
True
Is 846 a multiple of 2?
True
Is 154 a multiple of 22?
True
Is 7009 a multiple of 163?
True
Is 150 a multiple of 12?
False
Is 37903 a multiple of 170?
False
Is 7661 a multiple of 47?
True
Is 931 a multiple of 32?
False
Is 104 a multiple of 9?
False
Does 36 divide 21096?
True
Is 10530 a multiple of 45?
True
Is 93 a multiple of 15?
False
Is 220 a multiple of 11?
True
Is 3341 a multiple of 18?
False
Does 96 divide 1666?
False
Does 4 divide 72?
True
Does 15 divide 1335?
True
Does 32 divide 5472?
True
Is 215 a multiple of 19?
False
Does 28 divide 406?
False
Is 73642 a multiple of 16?
False
Is 2048 a multiple of 16?
True
Does 8 divide 5240?
True
Does 47 divide 12831?
True
Is 4200 a multiple of 42?
True
Is 2160 a multiple of 45?
True
Does 181 divide 78641?
False
Does 146 divide 36625?
False
Is 35093 a multiple of 34?
False
Is 21 a factor of 413?
False
Is 45966 a multiple of 47?
True
Is 94 a factor of 2350?
True
Does 2 divide 21?
False
Does 9 divide 3900?
False
Is 108 a factor of 18992?
False
Does 12 divide 24348?
True
Is 20 a factor of 228?
False
Is 16 a 